rs of g.
5
Let r = 179 + -97. Let z = 153 - r. What are the prime factors of z?
71
Let s = 574 + -371. Let z = 8 - 3. Suppose -z*u - 48 = -s. What are the prime factors of u?
31
Suppose 2*b - 1240 + 324 = 0. What are the prime factors of b?
2, 229
Suppose -3*i + 15 = -81. Suppose 0 = 9*h - 13*h - i. Let p = 7 - h. List the prime factors of p.
3, 5
Let v(p) = -p**2 + 4*p + 51. Let f be v(-5). Let c(m) = 9*m - 2. Let y(d) = 3*d - 1. Let k(s) = 3*c(s) - 8*y(s). List the prime factors of k(f).
2, 5
Suppose 0 = -b + 4*s + 260, 0*s + 1097 = 4*b + 3*s. List the prime factors of b.
2, 17
Let f = -6 - -8. Let c(n) = -3*n**2 - 4*n + 1. Let q(i) = i**2 - i. Let u(v) = -c(v) + 3*q(v). List the prime factors of u(f).
5
Suppose 4*f - 94*h + 97*h - 9959 = 0, -9934 = -4*f + 2*h. What are the prime factors of f?
2, 11, 113
Let k be (-11)/33*1*3. Let s be ((-9)/(-18))/(k/28). List the prime factors of 12/(-42) + (-606)/s.
43
Suppose -w = 2*g - 4 - 1, 0 = -4*w - 4*g + 16. Suppose -w*t + t + 8 = 0. Suppose z + 37 = 2*b, -4*b + t*z = 6*z - 70. List the prime factors of b.
2, 3
Let w(x) = -x**3 - x**2 - 3*x + 13. Let r be w(0). Suppose -r*h - 361 = -2610. List the prime factors of h.
173
Suppose 8 = 11*f - 13*f. What are the prime factors of (4/6)/(f/(-294))?
7
Let u(l) = 2*l**2 - 5*l + 3. Let a be u(3). List the prime factors of (99/a)/((-9)/(-6)).
11
Let n(w) = -w**3 + 8*w**2 + w - 3. Let y be n(8). Suppose 4*r + 11 = 5*f, 10 = 3*f + y*r - 4*r. Let z(d) = d + 7. What are the prime factors of z(f)?
2, 5
Let c(n) = 3*n. Let w be c(1). Let r be (-24)/(-12) + w/1. Suppose r*b + h = 13 + 151, -5*b - 4*h = -176. List the prime factors of b.
2
Suppose 3*f - 5*f + 96 = 0. Let p = -24 + f. Suppose -p = -4*x + x. What are the prime factors of x?
2
Let y(v) be the third derivative of v**5/30 - 5*v**4/24 - 7*v**3/6 + 19*v**2. List the prime factors of y(-3).
2, 13
Let y = -3525 + 8676. List the prime factors of y.
3, 17, 101
Let r(v) = -2*v**2 - 15*v - 6. Let w be r(-4). Suppose -k - w = -4*m - 138, 0 = 3*m - 3. List the prime factors of k.
2, 3, 5
Let c be 5*(63/15 + -3). Let r be -8 + (-6)/2 + c. What are the prime factors of (-1274)/(-65) + (-2)/r?
2, 5
Suppose -2*l - 18 = -5*l. Suppose m = -v - 2, -4*m - 8 = 5*v + l. What are the prime factors of (-7 + 16)*(-4)/v?
2, 3
Let z(c) = c**2 - 6*c + 1. Let x be z(7). Suppose -3*a = -174 + 57. Suppose x = -s + a. What are the prime factors of s?
31
Let d = 15 - -73. Let r be d/16 + (-2)/(-4). What are the prime factors of (-548)/(-12) + r/(-9)?
3, 5
Suppose 4*u = -0*u - 2*o + 20, 0 = 5*u + 3*o - 23. Suppose u*c - 8*c = 2. List the prime factors of ((-2)/3)/(c/30).
2, 5
Suppose 9 + 11 = 4*g. Suppose -g*c = 3*v - 193, -2*v + 3*c = c - 150. List the prime factors of v.
71
Suppose -5*c + 148 = 23. Suppose -7*m - c = -2*m. Let p(l) = -5*l - 3. List the prime factors of p(m).
2, 11
Suppose 0 = 2*a + 2*c - 14, -3*c = -3*a - c + 16. Suppose a = s + 2. Suppose -v = -s*v + 27. List the prime factors of v.
3
Let m(z) = -33 + 33 + 52 - 2*z + 0*z. List the prime factors of m(-16).
2, 3, 7
Suppose 215 = 4*d - 5*m - 12, -d = 2*m - 60. Let b = -24 + d. List the prime factors of b.
2, 17
Let s(v) = -v + 1. Let u be s(8). Let i = u - -13. Suppose -l + 11 = -i. What are the prime factors of l?
17
Suppose 7*v - 5*v - 6 = 0. Suppose v*o + 44 = 5*o. What are the prime factors of o?
2, 11
Let f(y) = -y**3 - 15*y**2 - 13*y - 1. Let n be f(-14). Let o = 15 + n. Suppose -d + o*d = -9. What are the prime factors of d?
3
Let a be ((-8)/(-12))/(3/18). Suppose -2*k - 114 = -4*m - 0*m, a*k + 93 = 3*m. What are the prime factors of m?
3
Suppose 20*w - 27256 = 15144. List the prime factors of w.
2, 5, 53
Let i(b) = 5*b**2 + 4*b - 10. Let p be i(-6). Suppose p*z - 150*z + 672 = 0. List the prime factors of z.
2, 3, 7
Let s(f) = 3*f - 2*f + 2*f - 4*f**2 + 98 + 5*f**2. List the prime factors of s(0).
2, 7
Let z(a) be the third derivative of -a**4/8 + 23*a**3/6 + 11*a**2. List the prime factors of z(5).
2
Let s be (-2)/(3 - (3 - 6/21)). Let d(k) = -7*k - 42. What are the prime factors of d(s)?
7
Suppose 2*q + 6 = -26. What are the prime factors of 3878/26 - q/(-104)?
149
Suppose 0 = -28*g + 40710 + 19406. List the prime factors of g.
19, 113
Let s be (-2)/((18/33)/(-3)). Let i(p) = -p**3 + 10*p**2 + 16*p + 3. List the prime factors of i(s).
2, 29
Let d(j) = 3 + 3*j**2 - 2*j - 7*j**2 + 11*j**2. List the prime factors of d(3).
2, 3, 5
Suppose 3*l = -2*l - 5*a - 20, l = 5*a + 14. Let y(t) = -286*t**3 + 2*t + 1. List the prime factors of y(l).
3, 5, 19
List the prime factors of (-196272)/(-324) + 6/27.
2, 3, 101
Let v(h) = h**3 - 25*h**2 + 34*h - 40. Let b be v(24). Suppose -10*s = -9*s - b. List the prime factors of s.
2, 5
Let g = 516 - 303. List the prime factors of g.
3, 71
Suppose 0 = 7*i - 207 + 767. Let h = -47 - i. List the prime factors of h.
3, 11
Suppose 4*p + 740 = 3*o - 3239, -5*o + 6585 = 5*p. What are the prime factors of o?
1321
Let a = -4249 - -7167. What are the prime factors of a?
2, 1459
Let y(q) = 20*q**3 - q**2 + 4*q - 12. List the prime factors of y(4).
2, 317
Let r = -318 - -726. Let d = r + -104. List the prime factors of d.
2, 19
Let x be 4/3*9/2. Let b be 8/x - 2/(-3). Suppose g = b*g - 15. What are the prime factors of g?
3, 5
List the prime factors of 33976/(-93)*(-2 - 10).
2, 137
Suppose 0 = -x + 2, 3*x = 2*r - 242. Let k = 204 - r. What are the prime factors of k?
2, 5
Let v = 286 + -171. Suppose -v = 5*f - 45. What are the prime factors of (-134)/f - 12/(-28)?
2, 5
Let c(g) = g - 2. Let l be c(0). What are the prime factors of 25 + -1*8/l?
29
Suppose 49*l - 10340 = -5*j + 51*l, -j + 2068 = 5*l. List the prime factors of j.
2, 11, 47
Let d(a) = -2*a + 14. Let j be d(6). Let p(n) = 2*n + 1. List the prime factors of p(j).
5
Let t = -175 - -503. What are the prime factors of t?
2, 41
Suppose 2795*y = 2803*y - 16480. What are the prime factors of y?
2, 5, 103
Let k(z) = -3*z - 1. Suppose -14*a = -9*a + 10. List the prime factors of k(a).
5
Let s be -2 - (-5)/((-20)/(-8)). Suppose s*o - o = -3. Suppose m + 3*w - 2 - 31 = 0, -2*m + 75 = -o*w. What are the prime factors of m?
2, 3
List the prime factors of 103 + 3 + (-2 - -2).
2, 53
Let v = -2519 - -5616. What are the prime factors of v?
19, 163
Suppose y + 2*q - 2014 = 0, 5*q - q - 8048 = -4*y. What are the prime factors of y?
2, 3, 5, 67
Let m = -266 - -453. List the prime factors of m.
11, 17
Suppose 5*b = 7*r - 11*r + 3593, 0 = -4*r - 12. What are the prime factors of b?
7, 103
Suppose 6*k - 20 - 10 = 0. Suppose 1 = 4*o + k, 0 = -4*r - 5*o + 119. List the prime factors of r.
31
Suppose -3*m = 4*z - 174, 2*z - z = -m + 44. Let q be -14 - (3 - 2) - 0. Let s = z + q. List the prime factors of s.
3
Let p = 86 + -33. Let j be p*3/(4 + -1). Let m = j - 10. List the prime factors of m.
43
Let c be ((-15)/(-5))/(-2 + 1). Let o = 4 + c. What are the prime factors of o/(-4) - 399/(-12)?
3, 11
Let q(i) = -i**3 - 8*i**2 - i - 9. Let d be q(-8). What are the prime factors of d/(-2)*-2 + 11 + -5?
5
Let a(w) = w**3 + 9*w**2 + 7*w - 8. Let v be a(-8). Suppose v = 18*r - 17*r - 48. What are the prime factors of r?
2, 3
List the prime factors of (20/(-25) - -2)*5*14.
2, 3, 7
Let m(s) = -s - 5. Let o be m(-7). Let q = 4 + o. Suppose q = f - 5*i, 7*i - 4*i = 5*f - 74. List the prime factors of f.
2
What are the prime factors of (6 + 13848/16)*2?
3, 7, 83
Let k be 1 + 2 - (-37 + 3). Suppose 4*c = -12, k = 3*p - c - 20. Let u = p + -16. List the prime factors of u.
2
Let f(h) = -h**3 + h + 260. List the prime factors of f(0).
2, 5, 13
Suppose -2812 = 4*h - 3*n, 2*h + n = 265 - 1661. Let y be (3/(-4))/(5/h). Let i = 170 - y. What are the prime factors of i?
5, 13
Suppose 3*y + 24 + 6 = 0. Let d = y - -28. List the prime factors of d.
2, 3
Let m(g) be the third derivative of 31*g**7/2520 - g**6/720 - g**4/4 - 8*g**2. Let f(b) be the second derivative of m(b). List the prime factors of f(1).
2, 3, 5
Let i(n) be the first derivative of -19*n**2 + 3*n - 153. Suppose 2 = -x - 0. List the prime factors of i(x).
79
Let j be 27*2/(-15)*-100. Suppose -3*o + 9*o = j. List the prime factors of o.
2, 3, 5
List the prime factors of 106*(-9 - 231/(-22)).
3, 53
Let l(m) = 67*m**2 - 2*m - 2. Let j(y) = y**2 - y. Let s(n) = 